727?
27
Calculate the greatest common divisor of 192 and 3036.
12
What is the greatest common factor of 41 and 369?
41
Calculate the greatest common divisor of 48 and 2544.
48
What is the highest common divisor of 36 and 252?
36
What is the highest common divisor of 5 and 4?
1
What is the greatest common factor of 1110 and 30?
30
Calculate the greatest common divisor of 490 and 140.
70
What is the highest common divisor of 32 and 3424?
32
Calculate the greatest common factor of 84 and 105.
21
What is the highest common factor of 303 and 9797?
101
Calculate the highest common divisor of 1215 and 270.
135
Calculate the highest common factor of 6853 and 77.
77
What is the highest common factor of 118 and 9145?
59
Calculate the greatest common divisor of 50 and 40.
10
What is the highest common factor of 2 and 50?
2
What is the greatest common divisor of 36 and 24?
12
Calculate the greatest common divisor of 17856 and 12.
12
What is the greatest common factor of 294 and 6?
6
What is the greatest common divisor of 3 and 587?
1
What is the greatest common divisor of 12 and 39?
3
What is the highest common divisor of 496 and 112?
16
What is the highest common divisor of 4453 and 122?
61
Calculate the highest common factor of 2560 and 40.
40
What is the highest common factor of 576 and 4086?
18
What is the highest common divisor of 63 and 49?
7
What is the greatest common factor of 260 and 100?
20
What is the greatest common factor of 7740 and 20?
20
What is the greatest common factor of 278 and 9?
1
Calculate the highest common divisor of 414 and 368.
46
Calculate the highest common factor of 372 and 36.
12
Calculate the highest common factor of 780 and 351.
39
Calculate the highest common divisor of 26 and 130.
26
What is the greatest common factor of 2650 and 50?
50
What is the greatest common divisor of 972 and 81?
81
What is the greatest common divisor of 792 and 22?
22
What is the highest common factor of 20 and 2110?
10
What is the highest common factor of 500 and 160?
20
Calculate the greatest common factor of 285 and 30.
15
What is the highest common divisor of 1665 and 1480?
185
Calculate the highest common divisor of 460 and 40.
20
Calculate the greatest common divisor of 152 and 72.
8
What is the highest common divisor of 615 and 12?
3
What is the highest common divisor of 175 and 10500?
175
What is the greatest common divisor of 121 and 968?
121
Calculate the highest common divisor of 7139 and 11.
11
Calculate the greatest common factor of 387 and 1419.
129
What is the highest common factor of 30 and 1185?
15
Calculate the greatest common divisor of 1 and 25.
1
What is the greatest common divisor of 68 and 448?
4
What is the highest common divisor of 369 and 9?
9
What is the greatest common factor of 39 and 2210?
13
Calculate the highest common divisor of 9730 and 70.
70
Calculate the highest common divisor of 176 and 2376.
88
What is the highest common divisor of 87 and 357?
3
Calculate the highest common factor of 385 and 3570.
35
What is the greatest common divisor of 408 and 192?
24
Calculate the highest common divisor of 6853 and 89.
89
What is the highest common factor of 78 and 338?
26
What is the highest common factor of 59 and 1298?
59
What is the greatest common factor of 1 and 41?
1
What is the highest common factor of 592 and 16?
16
Calculate the greatest common divisor of 90 and 2070.
90
Calculate the highest common divisor of 1 and 1.
1
What is the greatest common divisor of 62 and 1767?
31
Calculate the highest common factor of 26 and 2561.
13
Calculate the highest common divisor of 120 and 15.
15
Calculate the highest common divisor of 276 and 644.
92
Calculate the greatest common factor of 12 and 4728.
12
What is the greatest common divisor of 30 and 1130?
10
Calculate the highest common factor of 100 and 275.
25
What is the highest common factor of 66 and 4400?
22
What is the highest common factor of 101 and 3535?
101
What is the highest common factor of 70 and 125?
5
Calculate the highest common divisor of 13 and 793.
13
What is the highest common divisor of 24 and 138?
6
Calculate the greatest common divisor of 32 and 8.
8
Calculate the highest common factor of 111 and 123.
3
Calculate the highest common divisor of 37872 and 108.
36
Calculate the greatest common divisor of 25 and 125.
25
Calculate the highest common divisor of 2400 and 285.
15
Calculate the greatest common divisor of 200 and 235.
5
Calculate the highest common divisor of 20 and 25.
5
What is the highest common divisor of 76 and 4?
4
What is the highest common divisor of 178 and 2?
2
Calculate the greatest common factor of 9 and 207.
9
What is the highest common divisor of 52 and 52?
52
Calculate the greatest common factor of 70 and 4970.
70
What is the highest common factor of 11 and 319?
11
What is the greatest common factor of 84 and 276?
12
Calculate the highest common factor of 15 and 35.
5
What is the highest common divisor of 88 and 748?
44
What is the highest common divisor of 32 and 16?
16
Calculate the highest common divisor of 178 and 4717.
89
What is the highest common factor of 75 and 1075?
25
Calculate the greatest common factor of 169 and 4225.
169
What is the greatest common factor of 32 and 492?
4
What is the greatest common divisor of 3322 and 151?
151
Calculate the highest common divisor of 23 and 805.
23
What is the greatest common divisor of 8003 and 151?
151
Calculate the highest common factor of 52 and 52.
52
Calculate the highest common divisor of 4850 and 582.
194
Calculate the greatest common divisor of 42 and 189.
21
What is the greatest common factor of 153 and 18?
9
What is the highest common factor of 38 and 1026?
38
Calculate the greatest common factor of 423 and 27.
9
What is the highest common divisor of 455 and 65?
65
Calculate the greatest common divisor of 45 and 22905.
45
What is the highest common factor of 12 and 384?
12
What is the greatest common factor of 243 and 54?
27
Calculate the greatest common factor of 208 and 12584.
104
Calculate the greatest common factor of 969 and 867.
51
What is the greatest common divisor of 448 and 128?
64
Calculate the greatest common divisor of 1095 and 435.
15
Calculate the highest common factor of 378 and 28.
14
What is the highest common factor of 6587 and 28?
7
What is the highest common divisor of 1872 and 26?
26
What is the highest common factor of 16 and 496?
16
Calculate the greatest common divisor of 115 and 4255.
115
What is the highest common factor of 72 and 1176?
24
What is the highest common factor of 165 and 4065?
15
What is the highest common divisor of 2233 and 154?
77
Calculate the highest common divisor of 74 and 10323.
37
Calculate the highest common divisor of 9055 and 10.
5
What is the highest common divisor of 3024 and 162?
54
Calculate the highest common factor of 1936 and 32.
16
What is the highest common factor of 1053 and 13?
13
Calculate the greatest common divisor of 1240 and 11470.
310
What is the highest common factor of 543 and 51?
3
What is the greatest common divisor of 712 and 4806?
178
Calculate the greatest common divisor of 7 and 36435.
7
What is the greatest common factor of 658 and 70?
14
Calculate the highest common factor of 12 and 69.
3
Calculate the greatest common divisor of 55 and 25.
5
What is the greatest common divisor of 26 and 1274?
26
What is the highest common factor of 80 and 860?
20
Calculate the highest common factor of 540 and 15930.
270
Calculate the highest common divisor of 904 and 9266.
226
Calculate the highest common divisor of 39 and 3.
3
Calculate the highest common divisor of 18 and 13284.
18
Calculate the highest common factor of 224 and 96.
32
Calculate the greatest common factor of 533 and 169.
13
Calculate the greatest common divisor of 588 and 60.
12
Calculate the highest common divisor of 237 and 24.
3
What is the highest common divisor of 19 and 4389?
19
Calculate the greatest common divisor of 445 and 5.
5
Calculate the highest common divisor of 60 and 75.
15
What is the highest common factor of 34 and 170?
34
What is the highest common divisor of 15 and 6?
3
What is the highest common factor of 310 and 6?
2
What is the greatest common divisor of 20 and 3?
1
Calculate the highest common factor of 5177 